*2 + 2*p - 2. List the prime factors of t(1).
47
Let p be (1 - (1 - 6)) + 2. Let n = p - 5. What are the prime factors of 1/n + (-87)/(-9)?
2, 5
Let f be 440/77 + (-4)/(-14). Let o be -2*(-123)/f + 1. Let a = o + -30. List the prime factors of a.
2, 3
Let c be (-2)/4 + (-42)/(-12). Suppose c = -5*t - j, -4*t = j - 3*j - 6. Suppose 5*z = -2*f + f + 17, -5*f - 15 = t. What are the prime factors of z?
2
Let u(b) = -b**3 - 6*b**2 - 4*b + 5. Let f be u(-5). Suppose 3*s - 9 = -f*s. Suppose -2*x = -s*v + x + 45, 5*v + x = 57. What are the prime factors of v?
2, 3
Suppose s - 4*p - 70 = 0, -2*s - 2*p + 194 = 34. Let a = s - 39. What are the prime factors of a?
3, 13
Let k(a) = -5*a**2 - 6. Let o(p) = 4*p**2 - p + 6. Let f(j) = -5*k(j) - 6*o(j). Let t be f(-6). What are the prime factors of (-2)/t + 94/6?
2
Suppose -8*c = 21 - 61. List the prime factors of c.
5
Let c = 33 + -17. Suppose 4*v - 1 - c = -3*b, -v = 5*b - 17. Suppose 6 = -2*p, -p - 1 = -2*a - v*p. List the prime factors of a.
2
Let c(t) = -17*t - 8. What are the prime factors of c(-8)?
2
Let b(k) = -3*k + 73. What are the prime factors of b(-23)?
2, 71
Let h = -4 + 6. List the prime factors of h*(-3 - -1 - -3).
2
Suppose 124 = 4*t - 4*s, -s = -3*t - 0 + 101. What are the prime factors of t?
5, 7
Let r(j) = j**2 - j + 3. What are the prime factors of r(4)?
3, 5
Let j = -66 - -108. Suppose 5*l = 3*b + 70, 0 = 5*l - 2*l - 2*b - j. List the prime factors of l.
2, 7
Let x(a) = a - 1. Let r be x(1). Let d = 2 + r. What are the prime factors of d?
2
Let x(k) = -k**3 + 6*k**2 - 2*k + 4. Let b be x(3). What are the prime factors of b/3 + 4/(-12)?
2
Let x(k) = 3*k**3 - 2*k. Let p(j) = 3*j**3 + j**2 - j. Let t(c) = -3*p(c) + 2*x(c). Let o = -4 - -2. What are the prime factors of t(o)?
2, 7
Let v be (1 - -1 - 4) + 1. What are the prime factors of v/4 - (-119)/28?
2
Let a(r) = 29*r**3 + 2*r**2 - r. Let u = -15 - -16. What are the prime factors of a(u)?
2, 3, 5
Let l be 61/4*(0 - -4). Suppose -17 = 4*x - l. What are the prime factors of x?
11
Suppose 2*m + 144 = -0*i + 2*i, -4*i + m = -291. List the prime factors of i.
73
Suppose 0*v - v = -5. Suppose -25 = -v*l, -3*f + 0*l - 2*l + 22 = 0. Suppose -n = -4*k + f, n + 2*k = 5*n - 12. List the prime factors of n.
2
Let g(a) = -a**3 - 6*a**2 + 8*a + 6. Let p be g(-7). Let x(s) = 3*s + 1. Let t be x(p). List the prime factors of t/9 + 512/36.
2, 7
What are the prime factors of (48 - 49) + 1 + 81*1?
3
Let w(l) = l**2 - 5*l - 2. Suppose 5*u - 35 = 4*v, -v - v - 14 = -2*u. List the prime factors of w(u).
2, 3
Let q = -2 + 4. Suppose 62 = q*c + 16. What are the prime factors of c?
23
Suppose -4*x = 0, 4*x - 8 = 4*b - 0*x. Let u be (-1 + 1)/(b + 4). List the prime factors of 1*7 + u/2.
7
Let o be 3/(6/4) - 0. Suppose -60 = -2*p - o*p. Suppose 2*y = 9 + p. What are the prime factors of y?
2, 3
Let v be 3*2*4/(-8). Let c be (-45)/(-20) - v/4. Suppose c*r = -r + 24. List the prime factors of r.
2, 3
Suppose b = 3*b - 180. Suppose -3*u = -5*l - b, 0 = -u - 4*l + 30. What are the prime factors of u?
2, 3, 5
Let j(m) = 4*m**2 - 5*m + 2. Suppose 2*o - 6 = -0. What are the prime factors of j(o)?
23
Let j be 14/6 + 8/12. Suppose 7 = 2*r - j. Suppose -3*m - 13 + 2 = -q, 0 = 3*q + r*m - 5. List the prime factors of q.
5
Suppose -7 = -r + 14. What are the prime factors of r?
3, 7
Let b(o) = -5*o - 6. Let a be b(-5). Suppose 5*u = a + 6. What are the prime factors of u?
5
Let z = 39 - 28. Let g(d) = d + 10. List the prime factors of g(z).
3, 7
Suppose -a - 4 = -2. Let d = 3 + a. Let p = d - -1. What are the prime factors of p?
2
Suppose 4*s + 44 = 3*k, -4*s - 45 = -3*k - s. What are the prime factors of k?
2
Suppose -3*j + 2*d + 35 = 0, -3*d = 3*j - 24 - 6. List the prime factors of j.
11
Let u(p) = 34*p**2 + 2*p. List the prime factors of u(1).
2, 3
Suppose 4*x + 5*q = 385, 0 = 8*x - 4*x - 5*q - 415. What are the prime factors of x?
2, 5
Suppose -4*p - x = 381, -4*x = 5*p + 508 - 29. List the prime factors of p/(-15) + (-1)/3.
2, 3
Let s = 87 - 53. List the prime factors of s.
2, 17
Suppose 4*d = -53 + 145. Suppose -3*u - 5*a = -2*u - 10, 3*a - d = -4*u. List the prime factors of u.
5
Let z(y) = y + 20. Let b(v) = v**2 + 3*v - 4. Let c be b(-4). Let t be z(c). Suppose -7*r = -2*r - t. What are the prime factors of r?
2
Suppose -58 = -a + 66. What are the prime factors of a?
2, 31
Let l(j) = j**3 - 8*j**2 - 5*j + 10. Let b be l(8). Let w = 66 + b. What are the prime factors of w?
2, 3
Let v = 1 + 3. Suppose 0 = -4*k + 12 - v. Suppose -16 = -2*a + 5*z, -a + 3*z + k*z = -8. List the prime factors of a.
2
Suppose x = 4*q - 7, x + 4*q - 32 = -3*x. List the prime factors of x.
5
Let a = 6 - 4. Suppose -3*q = -2*v - 8, 0 = -v + 3*q + a*q - 18. What are the prime factors of (-2*1)/v*-4?
2
Let x = 5 + -12. Let n = -3 - x. List the prime factors of n.
2
Let d(z) = 2*z**3 - 5*z**2 + 4. List the prime factors of d(4).
2, 13
Suppose 0*r = 2*r - 18. Let p = -4 + r. What are the prime factors of p?
5
Let p = -1 + 5. What are the prime factors of 40/(-6)*(-18)/p?
2, 3, 5
Let i = 4 + -1. Suppose -i*l + 7 = 2*g, -17 + 3 = -3*g - l. Suppose 7 = g*c - 38. What are the prime factors of c?
3
Let n = -12 - -52. What are the prime factors of n?
2, 5
Suppose -p + 0*p + k + 13 = 0, 3*k = -9. Suppose p*x + 11 = 11*x. List the prime factors of x.
11
Suppose 5*h - 622 = 3. What are the prime factors of h?
5
Suppose -2*a + 3 = -o - 5, 26 = 3*a - 5*o. Let g(q) = -q + 5. Let k be g(0). Suppose -k*r + 37 = a*u - 2*r, -2*u = 2*r - 32. List the prime factors of u.
11
Let l = 8 - 13. Suppose -18 = t + t + y, -3*t + 3*y - 9 = 0. Let q = l - t. List the prime factors of q.
2
Suppose -2*u = 2*w + 3*w - 1281, 763 = 3*w + 4*u. List the prime factors of w.
257
Let j(w) = -w**3 + 6*w**2 - 2*w + 5. List the prime factors of j(4).
29
Let c = 99 + -51. List the prime factors of c.
2, 3
Suppose -5*q + 3*h + 24 = -h, -13 = -3*q + h. Let l(a) = -a**3 + 3*a**2 - a + 2. Let j be l(q). What are the prime factors of ((-8)/(-12))/((-1)/j)?
2, 3
Let q be ((-2)/(-1) - 2) + 48. Suppose -q = p + 2*p. Let d = -5 - p. What are the prime factors of d?
11
What are the prime factors of ((-8 - -4) + 92)/1?
2, 11
Suppose 4*y = 7 - 19. Suppose m + 12 = -m. Let g = y - m. List the prime factors of g.
3
Suppose 0 = -2*o + 6*o. Let w = -13 - o. Let r = w + 20. List the prime factors of r.
7
Suppose -5*r = -13 + 3. Suppose -1 = -2*z + 5*l, l + 21 = r*z - 0*l. What are the prime factors of z?
13
Let w(b) = 2*b + b + 3*b**3 - 4*b**3 + 1 + 2. Let y be w(-2). Let k(u) = u**3 - 5*u**2 + 3*u - 6. List the prime factors of k(y).
3
Let s = 75 + -50. Let f = -24 + 35. Let y = s - f. List the prime factors of y.
2, 7
Suppose 0 = c - 3 - 1, -35 = -5*h + 5*c. Suppose 4*d - h = a, -3*d + 5*a + 10 = 23. Suppose d*q = -2 + 46. List the prime factors of q.
11
Suppose 0*n + f = 3*n - 34, -n = 4*f - 20. What are the prime factors of n + (2 - 4 - -2)?
2, 3
Suppose 3*j - j - 28 = -2*s, s - 5*j - 14 = 0. List the prime factors of s.
2, 7
Let o(q) = -q**2 - 15*q - 10. What are the prime factors of o(-14)?
2
Suppose 2*m = -5*d - 8, -2*m + 7*m - 7 = d. Let b be d/4 - (-99)/(-6). Let c = 24 + b. List the prime factors of c.
7
Let z(r) = -r**3 - 9*r**2 - 8*r + 8. Let u be z(-8). Let g(v) = -u + 9 + 6*v + 6*v - 2*v. List the prime factors of g(1).
11
Suppose 4*q = -2*d + 3*d + 9, 10 = 4*q - 2*d. Let b = q - 2. Suppose -2*h + 5*h - 21 = b. List the prime factors of h.
7
Let k(d) = -83*d**3 + d**2 - d - 1. List the prime factors of k(-1).
2, 3, 7
Suppose 3*t + 24 = -t. Let h be -2 + t*(-39)/(-6). Let r = h + 57. What are the prime factors of r?
2
Let i = 8 - 4. Suppose 6*a - i*a = 14. Let t = a - -5. What are the prime factors of t?
2, 3
Let m = -26 - -17. Let q(z) = -12*z - 12 + 4*z**3 - 10*z**2 - z**3 - 4*z**3. List the prime factors of q(m).
3, 5
Suppose -2*w = -4*j + 16, -6 - 2 = 2*w. Suppose -4*c + 46 = -j*c. List the prime factors of c.
23
Let n be 1 + -2 + (1 - 3). Let s = n + 10. What are the prime factors of s?
7
Let c(f) = f**2 - 2*f + 2. Let a be c(-5). Let t(k) = -20*k**3 - k**2. Let r be t(1). Let n = r + a. List the prime factors of n.
2
Let z(n) = 1 - 3*n + 0 + 12*n**2 + 10*n**2 + 4*n. List the prime factors of z(-1).
2, 11
Let a = -2 + -1. What are the